t a be o(-6). Suppose 7*s + a = r*s. Let l(h) = -h**3 - 7*h**2 - 2*h - 3. What is l(s)?
11
Let v(p) = 3 + 0 + 16*p - 6*p**2 + 13 + 5*p**2 - p**2. Give v(9).
-2
Let b(q) = 23*q**2 - q + 2. Let h(y) = 73*y**2 - 2*y + 9. Let n(z) = -5*b(z) + h(z). Determine n(1).
-40
Let c(l) = -l + 11. Let p be c(9). Let h(b) be the second derivative of 1/12*b**4 + 26*b + 1/2*b**3 - 1/2*b**2 + 0 - 1/20*b**5. Calculate h(p).
1
Let r = -334 - -306. Let v(b) = -6*b - 170. Let z be v(r). Let u(n) = 2*n**2 + n - 2. Determine u(z).
4
Let a(l) = -2*l + 9898*l**2 - l**3 - 9933*l**2 - 4*l + 39 + 7*l + 0*l. Determine a(-35).
4
Suppose -3*b = -5*u + 171, -133 = 1975*u - 1978*u - 2*b. Let x(y) = -y**3 + 39*y**2 - 4*y + 155. Determine x(u).
-1
Suppose -5*c + n = -2660, 13*c - 17*c + 2157 = 5*n. Let s = c - 532. Let y(q) = 36*q**2 + q - 1. Determine y(s).
36
Let j = -7 + 5. Let g be 312/(-60) - (-3)/15. Let u be j/g - 21/15. Let w(o) = -6*o - 1. What is w(u)?
5
Let r(s) = s**3 + 13*s**2 - 13*s + 16. Let i be r(-14). Let a(g) = 39 + 42 - 85 - i*g**2. Let k(q) = q**2 + 3. Let t(h) = -3*a(h) - 4*k(h). Determine t(-2).
8
Let j(d) = -6511 + 8*d + 8*d + 6429 + 4*d. Determine j(4).
-2
Let v = 181 + -73. Suppose -v = -3*i - 9*i. Let m(p) = p**2 - 11*p + 12. Determine m(i).
-6
Suppose -30 = -i - 15. Suppose -11*n - 20 = -i*n. Let b(q) = -n*q**2 + 2*q - 1 - 10*q + 10*q. What is b(1)?
-4
Let m(j) = 107*j**2 + 20*j + 44. Let d(v) = 43*v**2 + 10*v + 22. Let n(f) = 5*d(f) - 2*m(f). What is n(-5)?
-3
Let h(g) = -68*g + 159*g - 82 - 84*g. What is h(12)?
2
Suppose -45*p = 41*p - 86. Let y(s) be the third derivative of -s**6/120 + s**5/60 - s**4/12 + s**3/6 - 5*s**2. What is y(p)?
-1
Let t(l) = -3*l**2 - 32*l + 95. Suppose 4*f + 3*h + 58 = 0, -51 = 4*f - h - 1. Calculate t(f).
4
Suppose 12*g = 19*g + 28. Let h(u) = 504 - 503 - 4*u + 0*u. What is h(g)?
17
Let s(t) = -t - 1. Let v(b) = 2*b**3 - b**2 - 2*b. Let i(r) = 3*r**3 + 22*r**2 - 78*r + 43. Let l(a) = i(a) - v(a). Let y be l(-26). Determine s(y).
8
Let f(o) be the second derivative of o**5/10 - 5*o**4/4 + 4*o**3 + 5*o**2/2 + 2599*o. Give f(5).
0
Let g(m) = 12*m - 226. Let o(t) = -41*t + 225. Let u(i) = -3*g(i) - 2*o(i). Calculate u(-5).
-2
Let q(w) = -27*w**2 - 4*w - 2. Let r(z) = 19*z**2 + 2*z. Let g(o) = -2*q(o) - 3*r(o). Determine g(0).
4
Let j be 13/78 + 3 + (-580)/24. Let l(u) = u**2 + 25*u + 87. Give l(j).
3
Let b(o) = -7*o - 17788*o**3 - 9 + 17789*o**3 - 3*o + 6*o**2. Calculate b(-6).
51
Let p(j) = 239*j - 643. Let o(d) = 146*d - 322. Let l(y) = 5*o(y) - 3*p(y). Give l(-25).
-6
Let r(p) = -2*p**2 - 3*p + 2. Let l(k) = -k**3 + 6*k**2 + 9*k - 5. Let w(c) = -l(c) - 4*r(c). Determine w(-4).
-47
Let s = 111 - 96. Let f(m) = m**2 - 11*m - 51. Let l be f(s). Suppose -l = 3*u + 6. Let v(n) = n + 2. Calculate v(u).
-3
Let g(a) = -6*a - 1 - 25*a + 4 + 20*a. Let d(n) = -n. Let w be (8/10)/((-6)/15). Let m be d(w). Calculate g(m).
-19
Let j = -4 - -6. Suppose 336 = 5*i - 4*b, -j*i = 4*b - 34 - 106. Let r(t) = 68 - i - 3*t. Determine r(1).
-3
Let v(y) = -y**3 - 3*y**2 - 37*y - 224. Let w be v(-5). Let b(h) be the third derivative of 1/60*h**5 + w*h**2 + 1/2*h**3 + 0 + 1/4*h**4 + 0*h. Give b(-2).
-5
Let n(v) = -5*v**2 + 3*v - 5. Let w(a) be the first derivative of 14*a**3/3 - 4*a**2 + 14*a - 26. Let j(r) = 17*n(r) + 6*w(r). What is j(2)?
1
Let y(c) = 785 - 424 - 21*c - 291. What is y(3)?
7
Let s(i) = -2*i + 1. Let t(d) = 2*d + 251 - 7*d - 252. Let o be t(0). Determine s(o).
3
Let y(f) = f**3 + 6*f**2 + 6*f + 7. Suppose 4*c = 7*k - 2*k - 37, 5*k - 10 = -5*c. Calculate y(c).
16
Let g(x) = 3*x**2 + 22 - 16*x**3 - 36*x**2 + 15*x**3 - 7*x + 15*x**2 + 9*x**2. What is g(-7)?
-27
Let q(u) = 23*u + 52. Let m(t) = 70*t + 157. Let f(k) = 4*m(k) - 11*q(k). Let i(g) = -5*g - 11. Let w(r) = -2*f(r) - 11*i(r). Calculate w(-4).
5
Let u(j) = 4*j**3 - j**2 - j + 3. Let s(t) = -t**3 - 7*t**2 - 5*t + 20. Let d(f) = -s(f) + 6*u(f). Determine d(-1).
-25
Let s(v) = -9*v**2 - 29*v + 47. Let j(a) = 7*a**2 + 29*a - 46. Let r(f) = 4*j(f) + 3*s(f). Give r(-30).
-13
Let z(l) = -l**3 + 2*l**2 - 2*l + 3. Let u = -124 - -109. Let b = u - -17. Give z(b).
-1
Let i(c) be the second derivative of -3*c**5 - c**4/6 + c**3/2 - c**2 + 3*c - 23. Calculate i(1).
-61
Let i be (-14)/((-630)/(-75)) - -2. Let z(h) be the third derivative of 0 + 1/60*h**5 - 11*h**2 + 0*h - 1/8*h**4 - i*h**3. What is z(4)?
2
Let n be 3/(-9) - (-104)/24. Let l(k) = -k - n - k - 5 - 8. Determine l(-10).
3
Let d = -996 + 998. Let w(u) = 2 - 6*u**2 - 4*u + 6 + d*u**3 - 3 + 4*u**2. Give w(3).
29
Let c be (52 - 51)*(3*1 + -1). Let t(f) = 2*f - 61*f**c + 126*f**2 - 67*f**2 + f - 1. Calculate t(2).
-3
Let h(s) = s - 5. Let b be h(8). Let o = b - 6. Let t(l) = l**2. Let u(i) = -2*i**2 + 5*i - 5. Let g(n) = o*t(n) - u(n). What is g(-6)?
-1
Let t(b) = b + 1. Let l(v) = 4*v + 4. Let i(m) = -l(m) + 5*t(m). Suppose 5 = -194*f + 189*f. Determine i(f).
0
Suppose -30 = 7*i - 13*i. Suppose 3*l - 5*l - 28 = -i*p, -5*l = -4*p + 53. Let q(r) = r**2 + 8*r - 8. Determine q(l).
1
Let f(s) = -69*s**2 + 17*s + 6. Let w(y) = -32*y**2 + 8*y + 3. Let m(t) = -6*f(t) + 13*w(t). Suppose 0*h - h = 2*d - 6, -2*d + 5*h = -18. Determine m(d).
-21
Let p(k) = -k**2 - 70*k + 45. Let b(d) = -13*d. Let t(s) = -6*b(s) + p(s). Calculate t(11).
12
Let o(g) be the third derivative of 179*g**2 + 1/120*g**6 + 0*g**3 - 1/15*g**5 + 0 + 0*g - 1/8*g**4. What is o(-2)?
-18
Let t = 9 + -15. Let n be 0 + -2 + 3 - t. Let j(z) = -7*z**2 - 16*z + 29. Let d(p) = 3*p**2 + 8*p - 14. Let f(l) = 9*d(l) + 4*j(l). Give f(n).
-3
Let r(n) be the first derivative of -n**2/2 + 8*n - 37. Let k(c) = 5*c**3 + 2*c - 1. Let h be k(1). What is r(h)?
2
Let r(g) = -76*g - 525. Suppose 1342 = -157*n + 243. Calculate r(n).
7
Let w(p) be the second derivative of 17*p**3/6 + 61*p**2/2 + 1522*p. What is w(-4)?
-7
Let c = -198 + 24. Let f = 169 + c. Let x(u) = -u**3 - 4*u**2 + 5*u + 6. Give x(f).
6
Let g = 7 + 5. Let j = g - 12. Let v(r) = -r - 1. Let s be v(j). Let z(d) = -8*d + 1. What is z(s)?
9
Let n(f) be the third derivative of 1/60*f**5 - 2/3*f**3 + 1/8*f**4 + 2*f**2 + 0*f + 36. Suppose -2*z - z - 5*w - 2 = 0, -5*z + w - 22 = 0. Give n(z).
0
Let n = 137 - 149. Let u be -4 - (n - -1*(-4 - -8)). Suppose -u*t - 7 = -15. Let w(o) = 2*o - 2. Calculate w(t).
2
Let o(g) = -246*g**3 - 5*g**2 - 5*g - 1. Let b be o(-1). Let l = b - 242. Let w(t) = 0*t**3 + 3*t**3 - 2*t**3 - 2*t**2 + 4 - 4*t. Calculate w(l).
1
Let r be 5/3 - 7/(-21). Suppose -5*p - z + 22 = -r*z, -9 = -3*p + 2*z. Let n(f) = 0 - p*f + 4*f + 5. Give n(-4).
9
Let c(q) = q**3 - 5*q**2 + 4*q + 3. Suppose -5*r + 5*x = 4*x + 914, 917 = -5*r - 2*x. Let k = r + 187. Calculate c(k).
3
Let j(p) = 4*p**2 + 54*p - 30. Let k(t) = -3*t**2 - 37*t + 20. Let w(r) = -5*j(r) - 7*k(r). What is w(5)?
-20
Let o(p) = -2*p + 2. Suppose 43 = 3*a - 53. Suppose -w = w - 72. Let y = w - a. Calculate o(y).
-6
Suppose -3*j - v = 22, -3*j - 16 = -0*j + 4*v. Let t(k) = 9*k**2 - 1 + 757*k**3 + 0 - 1493*k**3 + 0 + 737*k**3 + 7*k. What is t(j)?
7
Let q(k) be the third derivative of k**4/24 + 5*k**3/3 - 699*k**2. Determine q(-13).
-3
Let y(n) be the third derivative of -11*n**5/60 + 3*n**4/8 - n**3/6 + 116*n**2. Let b be y(1). Let a(g) = -4*g - 4. Calculate a(b).
8
Let f(j) be the second derivative of -2*j**3/3 + 1367*j. Let k be 1 - (-4)/(6 + -2). Give f(k).
-8
Let j(b) = 7*b + 8. Let u(a) = -4*a - 1. Let d(r) = 3*j(r) + 5*u(r). What is d(-11)?
8
Let j(v) be the first derivative of -5*v**2 + 32*v - 1056. Give j(5).
-18
Let q(x) = 67*x**3 - 14*x**2 + 14*x + 8. Let u(i) = -101*i**3 + 22*i**2 - 22*i - 13. Let a(v) = 8*q(v) + 5*u(v). Let d be -6 - 6/(-2) - -4. Calculate a(d).
30
Let u(p) = p - 19. Let z(d) = -d**3 + 10*d**2 - 11*d + 21. Let n be z(9). Let m = 12 + -15. Let x be ((-110)/m)/5 + 2/n. Calculate u(x).
-11
Suppose -4*f + 47 + 65 = 4*c, 0 = -2*f + 5*c + 28. Let o(z) = z - 24. Determine o(f).
0
Let j(u) = 3*u**2 - 57*u + 78. Let x(y) = -y**2 + 26*y - 38. Let z(i) = -2*j(i) - 5*x(i). Give z(2).
-2
Let y(g) = -13*g + 2. Let f(x) = 13*x - 3. Let q(b) = 6*f(b) + 7*y(b). Let i(j) = 12*j + 5. Let r(c) = 4*i(c) + 5*q(c). Calculate r(-1).
17
Suppose -4*d - 87 = 3*s, -s + 6*s - 2*d = -145. Let n = s - -83. Let u(k) = 44 + k - n + k + 0*k. What is u(7)?
4
Let a(s